 -75 - x. Calculate v(m).
-16
Let j(z) = z**3 - 10*z**2 - 4*z - 2. Let m(d) = 3*d**2 - 2. Let f be m(-2). Give j(f).
-42
Let h(x) = -x**2 - 13*x + 16. Let r be (0 - (-3 - 5) - -4)*-1. Calculate h(r).
28
Let f(u) be the first derivative of 3*u**4/4 - u**3 + u**2 - 12*u + 351. Calculate f(3).
48
Let v(m) = 6*m**2 - 10*m + 1. Suppose -3*y = -5*u - 10, -14*y + 15*y = 3*u + 2. Let x(f) = -f**2 + f. Let t(g) = y*x(g) + v(g). Let k = 9 + -3. Determine t(k).
7
Let t(y) be the second derivative of 7/6*y**3 - 27*y + 1/12*y**4 - 4*y**2 - 2. Determine t(-6).
-14
Suppose -5*m = -r + 24, 54*m + 4*r = 50*m. Let s(j) = -3*j**2 - 10*j + 3. What is s(m)?
-5
Let z(d) = 3*d - 6. Let s(k) be the second derivative of -k**3/6 + 15*k**2/2 - 11*k. Let r be s(6). Suppose -r*v = -6*v + 15. What is z(v)?
-21
Let x(n) = 359246*n + 2 - 359240*n - n**3 + 2. Give x(-4).
44
Let p(n) be the first derivative of 5*n**2/2 - n + 2. Suppose -155 = -6*o - 299. Let c be (o/60)/((-1)/(-5)) + 3. What is p(c)?
4
Let f(j) = -11*j**2 + 2*j - 8. Let l = -33 - -75. Let g = 36 - l. Let i(a) = 10*a**2 - 2*a + 7. Let w(o) = g*f(o) - 7*i(o). What is w(1)?
-3
Let k(o) be the third derivative of -o**7/840 + o**6/180 + o**5/40 - o**4/6 + 27*o**3/2 - 13*o**2 + 1. Let f(t) be the first derivative of k(t). Give f(3).
-4
Let b(p) = -p**3 - 6*p**2 + 22*p + 14. Let t be b(3). Let o(u) be the first derivative of 5*u**4/4 + u**3/3 + u**2 + u + 4. Determine o(t).
-5
Let v(j) be the third derivative of -j**6/120 + 11*j**5/12 + 113*j**4/24 + 10*j**3 + 35*j**2 + 116. Give v(57).
3
Let b(w) = w**2 + 6*w - 19. Let h(o) = 59*o - 2426. Let u be h(41). What is b(u)?
-12
Let r(k) = k**3 + 11*k**2 - 3*k - 37. Let v(g) = 2*g**3 + 21*g**2 - 6*g - 74. Let t(b) = -5*r(b) + 2*v(b). Determine t(-13).
-2
Let j(n) = -n**2 - 15 + 63 + 12 + 29*n. Let z be j(31). Let k(c) = 5*c + 3. What is k(z)?
-7
Let j(i) = -i**2 - 6*i - 5. Let t(u) = -11*u - 156. Let q be t(-14). Give j(q).
3
Let i(b) = -b**3 - 74*b - 84*b + 229*b + 7 - 72*b + 2*b**2. Give i(0).
7
Suppose 11 = 5*r - 19, -2*t - 32 = -5*r. Let w(c) be the third derivative of c**6/20 + c**4/24 + c**3/6 + c**2. Determine w(t).
-6
Let b be 237/4*(-544)/(-204). Let i = b + -164. Let o(m) = 6*m + 2. Give o(i).
-34
Let p(o) be the second derivative of 201*o + 1/2*o**2 + 0 - 1/3*o**3. Give p(3).
-5
Let z(w) = -2*w**2 - w - 4. Let t(u) be the third derivative of -u**6/120 + 2*u**5/15 - 4*u**3/3 + 12*u**2. Let i be t(6). Let s = -67 + i. Give z(s).
-19
Suppose 3*m + 0*q = -5*q + 229, -q = 5*m - 367. Let w = -75 + m. Let g be (-4)/w - (-5 - 18/(-6)). Let c(u) = u**3 - 5*u**2 + 5*u + 3. Calculate c(g).
7
Let z(t) be the first derivative of 1/2*t**2 - 121 + 5*t. Determine z(-11).
-6
Let o(r) = 3*r**2 - r. Let u(w) = -5*w + 16. Let y be u(4). Let t be (1 + y/8)*1*-4. Determine o(t).
14
Let p be (-1)/((6 + -4)/(-6)). Let c be (p + -1)/(1 + 0). Suppose 0 = -r + c + 6. Let q(w) = w**3 - 8*w**2 + w. Determine q(r).
8
Let h(z) be the first derivative of -z**3/3 - 15*z**2/2 - z + 482. Calculate h(-14).
13
Let d = 4931 + -4918. Let f(o) = 2*o**2 - 26*o + 10. What is f(d)?
10
Suppose 2*p = 2*x - 10, -3*x + p + 14 = -p. Suppose 2*m = x*o + 20, 5*o - m = -2*m - 25. Let y(c) = -3*c**2 + 250560 + 4*c**2 - 250556 + 9*c. Calculate y(o).
-16
Let o = 2443 - 2451. Let q(z) = -z**3 - 9*z**2 - 11*z - 14. Calculate q(o).
10
Let q(d) = 7*d**3 + 12*d**2 + 3*d - 6. Let u(n) = -8*n**3 - 13*n**2 - 4*n + 6. Let y(p) = -7*q(p) - 6*u(p). What is y(-7)?
34
Suppose 0 = 23*n - 14*n - 684. Let g = n + -73. Let x(u) = -u**2 + 3*u - 3. What is x(g)?
-3
Suppose -471 - 206 = 181*g + 47. Let k(j) be the second derivative of j**5/20 + j**4/4 + j**3/3 + j**2/2 + j. Calculate k(g).
-23
Let z(w) = -14*w + 140. Let m be z(-36). Suppose -38*k + m = 8*k. Let h(u) = -u**2 + 16*u - 21. Calculate h(k).
7
Let w(b) be the third derivative of b**7/2520 - b**6/240 - b**5/60 + b**4/12 - 49*b**3/6 + 69*b**2. Let s(o) be the second derivative of w(o). What is s(5)?
8
Let d(v) = -10*v - 29. Let x be d(-4). Let i(w) = -4*w**2 + 48*w - 32. Calculate i(x).
12
Let s be 1/(-6) + (-4 - 2635/(-186)). Let u(f) = -11*f**2 + 109*f + 18. What is u(s)?
8
Let b(g) be the third derivative of 0*g + 4/3*g**3 + 0 - 81*g**2 - 1/12*g**4. Calculate b(4).
0
Let p(q) = 13*q - 19. Let x be p(1). Let w be (-36)/30*(0 - (-15)/x). Let b(u) = 2*u**2 - 5*u + 4. Give b(w).
7
Let g = 1809 - 1810. Let p(h) = 12*h**2 + 4*h + 2. What is p(g)?
10
Let c(w) = -19*w**2 + 7*w + 1. Let s(p) = -132*p**2 + 48*p + 8. Let h(m) = 20*c(m) - 3*s(m). Calculate h(-1).
16
Let g(r) = -62 + 13*r - 2*r + 106 - 37. Calculate g(3).
40
Let b = 7 - 14. Let f(q) = -4*q**3 - 4*q**2 + 15. Let u(m) = m**3 - m**2 - 6. Let d(z) = f(z) + 3*u(z). Determine d(b).
-3
Suppose 4*x + x + 13 = -2*j, -5*j + 3*x = -14. Let s(l) = 778*l + 7*l**3 - 388*l + j - 390*l. Give s(-1).
-6
Suppose 113 = 2*l + 2*f + 29, 3*l + 2*f = 122. Let o = l - 43. Let i be (2 - 1)/(1/o). Let q(z) = z**3 + 4*z**2 - 6*z + 2. Determine q(i).
7
Let v(i) = 19*i**2 - 6*i - 20. Suppose m - 145 = -153. Let r(t) = 12*t**2 - 4*t - 13. Let u(z) = m*r(z) + 5*v(z). Calculate u(0).
4
Let b(x) = x**2 - 248*x - 5655. Let r be b(-21). Let q(w) = -4*w**2 - 17*w - 21. Calculate q(r).
-63
Let x(y) be the second derivative of -28*y + 1/3*y**3 + y**2 + 0. Let j = -5 + 2. Determine x(j).
-4
Let j(s) = s**2 - 5*s + 1. Suppose 0 = -3*v - 9 - 3. Let w be (-90)/(-315) - (-66)/14. Let o(h) = h**2 - 5*h + 2. Let b(c) = v*o(c) + w*j(c). Give b(5).
-3
Let h(g) = -11*g**3 + 11*g**2 - 11*g - 2. Let t(v) = -8*v**3 + 7*v**2 - 7*v - 1. Let p(z) = 5*h(z) - 7*t(z). Give p(-8).
-83
Let m(o) = -1. Let t be ((-44)/(-88))/((-1)/2). Let n(b) = -b**2 + 8*b - 2. Let f(q) = t*n(q) + 4*m(q). Give f(8).
-2
Let i = -241 + 131. Let m = i - -128. Suppose 3*c + 5*v = -m, -6*c - v = -2*c + 24. Let g(q) = -q**2 - 4*q + 7. Give g(c).
-5
Let z(l) be the first derivative of 1/4*l**4 + 4*l - 5*l**2 - 67 + 7/3*l**3. Calculate z(-8).
20
Suppose -t = -4*a + 13, -4*t - a = -25 - 8. Let m(b) be the second derivative of -b**4/12 + 3*b**3/2 - 5*b**2 + 26*b. Calculate m(t).
4
Let n(p) be the first derivative of p**5/30 - p**3/3 + 3*p**2/2 + 3*p - 37. Let k(z) be the second derivative of n(z). Calculate k(-3).
16
Let h(r) = 18*r + 33. Let p(o) = -o**2 - 276*o + 6874. Let x be p(23). Calculate h(x).
-21
Suppose 3*j = -4 + 19. Let k(x) = -x**3 + 5*x - j - x**2 + 12 - 3*x**2. Let t = -75398 + 75393. Calculate k(t).
7
Let b(o) = -o**2 - 3*o + 8. Let w(x) be the first derivative of x**4/4 + 5*x**3 - 10*x**2 - 70*x + 179. Let j be w(-16). Calculate b(j).
-10
Suppose -31*v = -23*v - 48. Suppose -3*q + 63 = v*q. Let s(w) be the first derivative of w**3/3 - 9*w**2/2 + 3*w - 2. What is s(q)?
-11
Let g(y) = y**2 + 5*y - 1. Suppose -3 = k, -44*w = -43*w - 4*k - 7. Calculate g(w).
-1
Let i(q) be the first derivative of 17*q**2/2 - 34*q + 76. Let m be i(2). Let r(c) = -5*c. Let w(y) = -11*y. Let b(z) = -9*r(z) + 4*w(z). Give b(m).
0
Let r = -5 + 10. Let m(k) be the third derivative of k**6/360 - k**5/24 - 127*k**4/24 - 267*k**2. Let u(b) be the second derivative of m(b). What is u(r)?
5
Let p(o) be the third derivative of 1 - 11/24*o**4 + 0*o + 1/60*o**5 + 28*o**2 - 5/3*o**3. Determine p(11).
-10
Let i(q) = -60*q**2 - 9*q**3 + 3*q - 3*q**3 - 2*q**3 + 11*q**3 - 2 + 59*q**2. Determine i(1).
-3
Let h(r) = r**2 + 4*r. Let c be 204/(-2)*(-3 + -4)/7. Suppose -6*o + 66 = c. Give h(o).
12
Let p(u) be the third derivative of -u**5/60 + u**4/6 + u**3/2 - 21*u**2. Let l = -25 - -25. Suppose -2*c - 1 = f - 5, -5*f + 5*c + 20 = l. What is p(f)?
3
Let s(z) be the second derivative of z**5/20 + z**4/6 - z**3/2 - z**2 - 2*z. Suppose -4*o = 2*m + m + 3, -4*m = 2*o - 6. Let x be (-1)/(30/9 - m). Give s(x).
-2
Let c(n) be the third derivative of -n**6/120 + 7*n**5/60 - 7*n**4/24 - 11*n**3/6 + 112*n**2 - 10. What is c(6)?
-17
Let i(o) = o**3 - 9*o**2 - 5*o + 128. Let l be i(7). Let g(v) = 8*v + 35. Give g(l).
-5
Let g = 116 - 128. Let c be 4*(0 + 9/g) + 1. Let w(l) = 2*l - 2. What is w(c)?
-6
Let r(m) = m**2 - 6*m - 2. Let y(k) = -6*k - 51. Let l be y(-9). Suppose 17 = z - 5*c, -29 = -0*z - l*z + 4*c. What is r(z)?
5
Let p(f) = 6*f - 48. Let v(i) = -1010*i + 1015. Let q be v(1). Give p(q).
-18
Let s be ((-340)/102)/(((-8)/(-12))